{"id":384,"date":"2014-01-30T19:06:30","date_gmt":"2014-01-30T19:06:30","guid":{"rendered":"http:\/\/lmw-28if.de\/exbeatles\/?page_id=384"},"modified":"2014-03-03T06:54:41","modified_gmt":"2014-03-03T06:54:41","slug":"1975-shaved-fish","status":"publish","type":"page","link":"http:\/\/www.lmw-28if.de\/exbeatles\/?page_id=384","title":{"rendered":"1975 &#8211; &#8222;Shaved Fish&#8220;"},"content":{"rendered":"<p style=\"text-align: center;\"><img decoding=\"async\" style=\"width: 300px; height: 300px;\" alt=\"\" src=\"http:\/\/www.ewetel.net\/%7Eansgar.bellersen\/bilder\/shaved.jpg\" \/><\/p>\n<h1 style=\"text-align: center;\"><strong>Shaved Fish<\/strong><\/h1>\n<p style=\"text-align: center;\"><strong>Ver\u00f6ffentlicht:\u00a0 24. Oktober 1975<br \/>\nLP: Apple 1C 062 &#8211; 05 987 (Deutschland)<br \/>\nCD: EMI CDP 7 46642 2<\/strong><\/p>\n<p style=\"text-align: justify;\">\n<p style=\"text-align: justify;\"><em><strong>Titel:<br \/>\nGive Peace A Chance \/ Cold Turkey \/ Instant Karma! \/ Power To The People \/ Mother \/ Woman Is The Nigger Of The World \/ Imagine \/ Whatever Gets You Thru The Night \/ Mind Games \/ #9 Dream \/ Happy Xmas (War Is Over) \/ Give Peace A Chance (Reprise)<\/strong><\/em><\/p>\n<p style=\"text-align: justify;\">Wie auch George Harrison und Ringo Starr ver\u00f6ffentlichte John Lennon bereits Mitte der 70er Jahre einen R\u00fcckblick auf sein Schaffen als Solist &#8211; allerdings als Erster (Harrison und Starr folgten 1976, McCartney erst 1978). Der Schlussstrich unter die Jahre 1969 bis 1975 ist heute durchaus als symboltr\u00e4chtig zu bewerten. Auch wenn das 1980er Comeback &#8222;Double Fantasy&#8220; und das posthume Studioalbum &#8222;Milk And Honey&#8220; teilweise hochklassige Songs enthalten: Innerhalb von sechs Jahren hatte sich bereits das angesammelt, wof\u00fcr heute im Wesentlichen John Lennons Solowerk steht. Lennon selbst sagte zur Ver\u00f6ffentlichung von &#8222;Shaved Fish&#8220;: &#8222;Die Grundidee dieses Albums liegt einfach darin, abgesehen vom Geld, dass nun alle Singles auf einer Platte zu haben sind.&#8220;<\/p>\n<p style=\"text-align: justify;\">Der Zauber und die Atmosph\u00e4re der beiden meisterhaften Alben &#8222;John Lennon \/ Plastic Ono Band&#8220; und &#8222;Imagine&#8220; fehlt selbstverst\u00e4ndlich auf diesem Sampler. Doch damals bot &#8222;Shaved Fish&#8220; f\u00fcr Nicht-Kenner einen hervorragenden Einstieg in die Welt des John Lennon. Aus heutiger Sicht ist das Album allenfalls f\u00fcr Sammler interessant. Mittlerweile gibt es zwei Sampler, die &#8222;Shaved Fish&#8220; weit in den Schatten stellen: &#8222;Lennon Legend &#8211; The Very Best Of John Lennon&#8220; f\u00fcr den knappen \u00dcberblick und &#8222;Working Class Hero &#8211; The Ultimate Collection&#8220; als umfangreiche Retrospektive.<\/p>\n<p style=\"text-align: justify;\">&#8222;Shaved Fish&#8220;, im Untertitel &#8222;Collectable Lennon&#8220; genannt, vereinigte damals die reinen Singletitel &#8222;Give Peace A Chance&#8220;, &#8222;Cold Turkey&#8220;, &#8222;Instant Karma!&#8220;, &#8222;Power To The People&#8220; und &#8222;Happy Xmas (War Is Over)&#8220; erstmals auf einer Langspielplatte. Insofern war diese Zusammenstellung ein Muss f\u00fcr jeden Anh\u00e4nger der Musik John Lennons. Anfang des 21. Jahrhunderts ist es ganz normal, dass K\u00fcnstler ihre Greatest Hits-Alben mit einem oder zwei neuen Titeln versehen. Eine regelrechte Neuaufnahme enthielt &#8222;Shaved Fish&#8220; nicht, wohl aber eine bisher unver\u00f6ffentlichte. Am Ende des Albums h\u00f6rt man eine kurze, chaotische und nichtssagende Reprise von &#8222;Give Peace A Chance&#8220;, die dem 1972er Wohlt\u00e4tigkeitskonzert &#8222;One To One&#8220; entnommen wurde (vgl. &#8222;Live In New York City&#8220;).<\/p>\n<p style=\"text-align: justify;\"><strong>Anspieltipps:<\/strong><\/p>\n<p style=\"text-align: justify;\">Give Peace A Chance \/ Imagine \/ #9 Dream \/ Happy Xmas (War Is Over) \/ Cold Turkey<\/p>\n<p style=\"text-align: justify;\"><strong>Bewertung:<\/strong><\/p>\n<p style=\"text-align: justify;\"><big><small><small><img decoding=\"async\" alt=\"\" src=\"http:\/\/www.ewetel.net\/%7Eansgar.bellersen\/bilder\/john.gif\" \/><img decoding=\"async\" alt=\"\" src=\"http:\/\/www.ewetel.net\/%7Eansgar.bellersen\/bilder\/john.gif\" \/><img decoding=\"async\" alt=\"\" src=\"http:\/\/www.ewetel.net\/%7Eansgar.bellersen\/bilder\/john.gif\" \/><\/small><\/small><\/big><\/p>\n<p style=\"text-align: justify;\">(im Hinblick auf die\u00a0 o.g. aussagekr\u00e4figeren Sampler)<\/p>\n<p style=\"text-align: justify;\"><strong>Pressestimmen:<\/strong><\/p>\n<p style=\"text-align: justify;\"><em>&#8222;More than that, however, the feeling of this record is so diffuse that it probably does present an accurate overview of Lennon&#8217;s confused career since leaving the Beatles. (&#8230;) This is convincing evidence, then, not only of John Lennon&#8217;s genius but of his continuing career difficulty.&#8220;\u00a0 &#8211; Rolling Stone, 18. Dezember 1975<\/em><\/p>\n","protected":false},"excerpt":{"rendered":"<p>Shaved Fish Ver\u00f6ffentlicht:\u00a0 24. Oktober 1975 LP: Apple 1C 062 &#8211; 05 987 (Deutschland) CD: EMI CDP 7 46642 2 Titel: Give Peace A Chance \/ Cold Turkey \/ Instant Karma! \/ Power To The People \/ Mother \/ Woman &hellip; <a href=\"http:\/\/www.lmw-28if.de\/exbeatles\/?page_id=384\">Weiterlesen <span class=\"meta-nav\">&rarr;<\/span><\/a><\/p>\n","protected":false},"author":1,"featured_media":0,"parent":0,"menu_order":0,"comment_status":"open","ping_status":"closed","template":"","meta":{"footnotes":""},"class_list":["post-384","page","type-page","status-publish","hentry"],"_links":{"self":[{"href":"http:\/\/www.lmw-28if.de\/exbeatles\/index.php?rest_route=\/wp\/v2\/pages\/384","targetHints":{"allow":["GET"]}}],"collection":[{"href":"http:\/\/www.lmw-28if.de\/exbeatles\/index.php?rest_route=\/wp\/v2\/pages"}],"about":[{"href":"http:\/\/www.lmw-28if.de\/exbeatles\/index.php?rest_route=\/wp\/v2\/types\/page"}],"author":[{"embeddable":true,"href":"http:\/\/www.lmw-28if.de\/exbeatles\/index.php?rest_route=\/wp\/v2\/users\/1"}],"replies":[{"embeddable":true,"href":"http:\/\/www.lmw-28if.de\/exbeatles\/index.php?rest_route=%2Fwp%2Fv2%2Fcomments&post=384"}],"version-history":[{"count":6,"href":"http:\/\/www.lmw-28if.de\/exbeatles\/index.php?rest_route=\/wp\/v2\/pages\/384\/revisions"}],"predecessor-version":[{"id":943,"href":"http:\/\/www.lmw-28if.de\/exbeatles\/index.php?rest_route=\/wp\/v2\/pages\/384\/revisions\/943"}],"wp:attachment":[{"href":"http:\/\/www.lmw-28if.de\/exbeatles\/index.php?rest_route=%2Fwp%2Fv2%2Fmedia&parent=384"}],"curies":[{"name":"wp","href":"https:\/\/api.w.org\/{rel}","templated":true}]}}