{"id":148,"date":"2014-01-30T15:12:10","date_gmt":"2014-01-30T15:12:10","guid":{"rendered":"http:\/\/lmw-28if.de\/exbeatles\/?page_id=148"},"modified":"2014-02-19T14:53:44","modified_gmt":"2014-02-19T14:53:44","slug":"live-chronik","status":"publish","type":"page","link":"http:\/\/www.lmw-28if.de\/exbeatles\/?page_id=148","title":{"rendered":"Live-Chronik"},"content":{"rendered":"<div style=\"text-align: justify;\">\n<p style=\"text-align: center;\"><img decoding=\"async\" alt=\"Fab70s\" src=\"http:\/\/www.ewetel.net\/%7Eansgar.bellersen\/bilder\/pepper_70s_collage_rahmen_klein.jpg\" \/><\/p>\n<p><em><strong>\u201cMeine Vorstellung des Himmels: nicht auf Tour zu gehen.\u201d<\/strong><\/em><br \/>\n(John Lennon, 1976)<\/p>\n<p><em><strong>\u201cEs war schon schwierig, nach den Beatles etwas Neues zu beginnen. Ich hatte nur zwei Alternativen: Aufgeben oder weitermachen. Und nachdem ich mich f\u00fcr das Weitermachen entschieden hatte, konnte ich nicht aufh\u00f6ren.\u201d<\/strong><\/em><br \/>\n(Paul McCartney, 1990)<\/p>\n<p><em><strong>\u201c\u2026 und irgendwo in einem sch\u00e4bigen Motel in Philadelphia festzusitzen ist nicht gerade meine Vorstellung davon, Spa\u00df zu haben. Ich meine, es w\u00fcrde mir nichts ausmachen, hier und da ein Konzert zu spielen, aber es (das Touren) ist erm\u00fcdend. Sehr erm\u00fcdend.\u201d<\/strong><\/em><br \/>\n(George Harrison, 1987)<\/p>\n<p><em><strong>\u201cEs gibt auf der Welt nichts Langweiligeres als Schlagzeuger zu sein, wenn du keine Leute hast, die vor dir auf der B\u00fchne stehen.\u201d<\/strong><\/em><br \/>\n(Ringo Starr, 1989)<\/p>\n<p>Als die Beatles 1966 aufh\u00f6rten Konzerte zu geben, wurden sie zu Studiomusikern. Sie waren spontan, experimentierfreudig und schraubten die Anspr\u00fcche an sich selbst immer h\u00f6her. Es gab keinen Druck mehr, die Songs live pr\u00e4sentieren zu m\u00fcssen. Und doch schien die Live-Erfahrung etwas zu sein, dass zumindest ein Teil von ihnen vermisste. Die \u201cLet It Be\u201d-Sessions waren ein solcher Versuch, zumindest im Studio zu den Wurzeln zur\u00fcckzukehren und einfachen Rock zu spielen. Doch zu dieser Zeit waren die Beatles l\u00e4ngst keine Einheit mehr. Nach dem letzten Kraftakt \u201cAbbey Road\u201d trennten sich folglich die Wege.<\/p>\n<p>Hier und da gab es vereinzelte Auftritte. Doch es dauerte eine Weile, bis sich ein Ex-Beatle anschickte, auf ausgedehnte Tournee zu gehen. Heute sind Paul McCartney und Ringo Starr die einzigen Ex-Beatles, die Konzerte rund um den Globus gaben und immer noch Freude daran haben, ihre Songs einem Live-Publikum zu pr\u00e4sentieren. John Lennon trat in den fr\u00fchen 70ern sporadisch auf und zog sich 1975 ins Private zur\u00fcck. Seine Meinung zu Live-Konzerten \u00e4nderte sich zur Zeit seines Comebacks im Jahre 1980. Lennon plante, im folgenden Jahr auf gro\u00df angelegte Tour zu gehen. Wir alle wissen nur zu genau, warum daraus tragischerweise nichts wurde. George Harrison schlie\u00dflich organisierte 1971 das legend\u00e4re \u201cConcert For Bangla Desh\u201d und unternahm 1974 eine ausgedehnte, aber umstrittene Tour durch Nordamerika, bevor er 1991 erfolgreiche Konzerte in Japan gab.<\/p>\n<p>In Interviews und Pressekonferenzen wird Paul McCartney immer wieder gefragt, wann er sich denn zur Ruhe setzen m\u00f6chte. Doch er f\u00fchlt sich immer noch angetrieben und motiviert neue Studioalben aufzunehmen und genie\u00dft es, die Konzertb\u00fchnen der Welt zu betreten. Auch Ringo Starr wird es nicht anders gehen, wenngleich er sich mittlerweile darauf beschr\u00e4nkt, mit seinen \u201cAll Starrs\u201d in den USA auf Tournee zu gehen.<\/p>\n<p>Die \u201cLive-Chronik\u201d m\u00f6chte allen Besuchern von www.ex-beatles.de die spannende Geschichte der Ex-Beatles als Live-Performer n\u00e4her bringen.<\/p>\n<p>Auch hier w\u00fcnsche ich viel Spa\u00df!<\/p>\n<p>(Fortsetzung folgt)<\/p>\n<\/div>\n","protected":false},"excerpt":{"rendered":"<p>\u201cMeine Vorstellung des Himmels: nicht auf Tour zu gehen.\u201d (John Lennon, 1976) \u201cEs war schon schwierig, nach den Beatles etwas Neues zu beginnen. Ich hatte nur zwei Alternativen: Aufgeben oder weitermachen. Und nachdem ich mich f\u00fcr das Weitermachen entschieden hatte, &hellip; <a href=\"http:\/\/www.lmw-28if.de\/exbeatles\/?page_id=148\">Weiterlesen <span class=\"meta-nav\">&rarr;<\/span><\/a><\/p>\n","protected":false},"author":1,"featured_media":0,"parent":0,"menu_order":0,"comment_status":"closed","ping_status":"open","template":"","meta":{"footnotes":""},"class_list":["post-148","page","type-page","status-publish","hentry"],"_links":{"self":[{"href":"http:\/\/www.lmw-28if.de\/exbeatles\/index.php?rest_route=\/wp\/v2\/pages\/148","targetHints":{"allow":["GET"]}}],"collection":[{"href":"http:\/\/www.lmw-28if.de\/exbeatles\/index.php?rest_route=\/wp\/v2\/pages"}],"about":[{"href":"http:\/\/www.lmw-28if.de\/exbeatles\/index.php?rest_route=\/wp\/v2\/types\/page"}],"author":[{"embeddable":true,"href":"http:\/\/www.lmw-28if.de\/exbeatles\/index.php?rest_route=\/wp\/v2\/users\/1"}],"replies":[{"embeddable":true,"href":"http:\/\/www.lmw-28if.de\/exbeatles\/index.php?rest_route=%2Fwp%2Fv2%2Fcomments&post=148"}],"version-history":[{"count":7,"href":"http:\/\/www.lmw-28if.de\/exbeatles\/index.php?rest_route=\/wp\/v2\/pages\/148\/revisions"}],"predecessor-version":[{"id":1366,"href":"http:\/\/www.lmw-28if.de\/exbeatles\/index.php?rest_route=\/wp\/v2\/pages\/148\/revisions\/1366"}],"wp:attachment":[{"href":"http:\/\/www.lmw-28if.de\/exbeatles\/index.php?rest_route=%2Fwp%2Fv2%2Fmedia&parent=148"}],"curies":[{"name":"wp","href":"https:\/\/api.w.org\/{rel}","templated":true}]}}